12
Let u(m) = -m - 2. Let z = -10 + 47. Suppose -o + 3*o = 5*d + z, 4*d = -o - 27. Let a(r) = -r - 10. Let f be a(d). Give u(f).
1
Let j(l) = -l**3 + 9*l**2 - 16*l + 6. Let z be 14*(-9)/12*(-10)/15. Determine j(z).
-8
Suppose -22 = 2*v + 2*y, 5*v + 51 = v + 3*y. Let j be 6*2*(-4)/v. Suppose 4*i - 31 = 3*s, 4*i + j*s = -2 - 2. Let u(p) = p - 3. Calculate u(i).
1
Let y(j) = j**3 - 5*j**2 + 3*j - 7. Let m be y(6). Suppose -48*u = -m*u - 1. Let i(w) = -6*w**2 + w. Determine i(u).
-5
Let u(c) be the second derivative of c**4/12 + 2*c**3 - c**2/2 + 149*c. What is u(-10)?
-21
Let a(d) = -d**3 - d + 0*d**2 + 4*d**2 + 4*d**2 - 6*d - 7. Determine a(7).
-7
Suppose -j = 2*x - 37, 3*x + j - 88 = -2*x. Let z(u) = u**3 - 17*u**2 + 5. Calculate z(x).
5
Let f(n) = -n + 15. Suppose 4*j - 45 = 15. Let s be 208/20 + (-6)/j - 3. Calculate f(s).
8
Let j(w) = w + 3. Let c be j(-7). Let g(p) = 297*p - 126. Let f(y) = 62*y - 26. Let r(l) = -24*f(l) + 5*g(l). What is r(c)?
6
Let p(f) = 6*f - 9. Suppose 2*u + 2*g = -0*u + 8, 0 = -4*u + 3*g + 23. Let m(i) = -i + 2. Let j(v) = u*m(v) + p(v). Determine j(-4).
-3
Let c(y) = y + 27. Let o(j) = -j - 21. Let m(p) = 4*c(p) + 5*o(p). Suppose 3*f - 18 = -2*x, -4*x + 20 = -0*x - 2*f. What is m(x)?
-3
Let q = -10 - -5. Let o(k) be the third derivative of 0 + 0*k - 1/120*k**6 - 1/3*k**3 + 1/12*k**4 - 1/12*k**5 + 2*k**2. Determine o(q).
-12
Let k(m) = m**2 + 7*m + 10*m + 4*m - 11*m. Give k(-8).
-16
Suppose 38*p = 20*p - 54. Let u(c) = -3*c**3 - 4*c**2 + c. Give u(p).
42
Let q(g) be the first derivative of -g**4/4 + 5*g**3/3 + g**2/2 - 2*g + 380. Let x = 7 - 3. Let k(d) = 2*d - 3. Let i be k(x). Give q(i).
3
Let h(o) = -4*o + 13. Suppose 3*m + 3 + 6 = 0, -4*m - 20 = 4*x. Let j(w) = w - 3. Let r(d) = x*h(d) - 9*j(d). Calculate r(-7).
8
Let a be 2/(-4)*-2*2. Suppose a*u = -4*v + 2 - 8, 0 = 5*u + 5*v. Let y(o) be the second derivative of o**3/2 - 39*o + 1. Calculate y(u).
9
Let g(f) = -5 + 0*f**2 + 4*f**2 - 3*f - 5*f**2 - f. Calculate g(-6).
-17
Let d(b) = b**3 + b**2 - 13. Suppose -8*l = -3*l - 80. Suppose g - 3*k - l + 1 = 0, -4*g - 2*k = 10. Determine d(g).
-13
Let z be (-1)/(-1)*(1 + 4). Suppose r + 4*u = 1 - 0, 5 = z*r + 5*u. Let n(c) = -1 + 10*c**2 - 3*c**2 + 0*c**2. Give n(r).
6
Let i = -99 + 93. Let k(n) = n + 8. Give k(i).
2
Let v(x) = -x**3 - 6*x - 6. Let d(b) = b**3 + 6*b + 5. Let a(n) = 7*d(n) + 6*v(n). Let c(j) = j**3 + j**2 + 6*j - 2. Let i(l) = -5*a(l) + 6*c(l). What is i(-5)?
-12
Let l be -11 + (108/144)/(1/8). Let r(v) = -4*v**2 + 6*v - 1 + 0 + 3*v**3 - 4*v**3. Calculate r(l).
-6
Let x(n) = n**2 + 6*n + 6. Suppose -29 + 143 = -19*l. Give x(l).
6
Suppose 53 = 6*t - 25. Let v(y) = y**2 - 14*y + 8. What is v(t)?
-5
Let s = -614 - -608. Let y(h) = 6*h + 3*h**2 + 2 - h - 2*h**2. What is y(s)?
8
Suppose -3*o + 28 = 5*x - 22, -x - 22 = -o. Let f(h) = 23*h - o - 3 - 24*h. Give f(0).
-23
Let g(s) = 3 - 23*s**3 + 15 - 14 + 5 + 24*s**3 - 14*s**2. Determine g(14).
9
Let f(s) = -22*s**2 - 8*s - 3. Let v be f(-1). Let o(h) = -h**3 - 17*h**2 + 8. Calculate o(v).
8
Let t(v) = 6*v**2 - 9. Let u(w) = 6*w**2 - 8. Let q(b) = 9*b**2 - 12. Let z(p) = -5*q(p) + 7*u(p). Let r(d) = -3*t(d) - 7*z(d). Give r(-1).
2
Let p(q) = -254 + 126 + 131 + 5*q. Give p(-6).
-27
Let a(q) = q - 7. Let t be a(9). Let i(n) = -3*n**2 + n + 2. Calculate i(t).
-8
Suppose 12 = -4*v, 9*v + 8 = -l + 4*v. Let k(d) = 2*d**3 + 5*d**2 - 8*d + 7. Let h(u) = -u**3 - 6*u**2 + 8*u - 6. Let q(x) = 3*h(x) + 2*k(x). Give q(l).
3
Let c be (0/(12/1))/(-3). Let j(h) = -3*h - 17. Determine j(c).
-17
Let s(o) be the second derivative of o**5/20 + o**4/3 - 4*o**3/3 - 2*o**2 - 2*o - 16. Suppose 0*m + m + 20 = -3*y, 2*y = m - 5. Calculate s(y).
11
Suppose 0 = -b + 1 + 15. Let l(w) = -w**2 + 16*w + 9. Give l(b).
9
Let z(u) = -u**2 + 1. Let q(b) = -2*b**2 + 3*b + 5. Let v(l) = q(l) - 6*z(l). What is v(2)?
21
Let w(f) = -f**2 - 13*f + 6. Let c be 1/(9/(-117) + 0/(-2)). Give w(c).
6
Let t(x) = -5*x + 26. Let n(j) = j**3 - 5*j**2 - 63*j - 27. Let i be n(11). What is t(i)?
-4
Let q(f) be the third derivative of f**4/12 - 5*f**3/6 - 8*f**2. Let r be q(4). Let k(m) = 4*m**r - 1 - 6*m - 3*m**3 - 6*m**2 + 0*m. Determine k(7).
6
Suppose -3*x - 5*v + 12 = -4*x, -4*v = -x - 10. Let n(d) = -5*d + 2. Let r(t) = 3*t - 1. Let f be (10/(-4))/(2/4). Let s(b) = f*r(b) + x*n(b). Determine s(1).
-4
Let g(w) = w**3 + 7*w**2 + 7*w + 7. Let a(c) = -c**3 - 7*c**2 - 5*c + 1. Let b = -59 - -53. Let f be a(b). What is g(f)?
22
Let t(a) = 2*a + 1. Let s = 15 + -9. Let l = -72 - -78. Let j be s + -1 + (l - 6). Give t(j).
11
Let w(b) = 3*b - 4. Let r(t) = -t + 1. Let g(c) = -6*r(c) - w(c). Let o be (-4)/(-6) - 25/(-3). Suppose 3 + o = 4*m. Calculate g(m).
7
Let z(n) be the third derivative of n**4/12 + n**3/3 - 2*n**2. Let p be z(13). Let r = 34 - p. Let w(k) = k**2 - 5*k + 2. Calculate w(r).
8
Let d(l) = -7*l - l**3 - 3 - 3 - 9 + 2*l - 3*l - 6*l**2. Determine d(-6).
33
Suppose -8*w + 4*n + 1 = -7*w, 0 = 2*n - 8. Suppose 0 = 2*l + 4*r - 10, -12*r + w*r = l + 2. Let b(x) = -x + 1. Determine b(l).
-2
Let r(d) = d**3 + 16*d**2 - 18*d - 23. Let u(z) = -16*z**3 + 13*z**2 - 13*z - 1. Let q be u(1). Determine r(q).
-6
Let n(m) = -3*m**2 - 1. Let d(l) = 3*l - 2*l + 2 - 2*l + 2*l**2. Let p(h) = -4*d(h) - 3*n(h). Let j = -96 - -92. Give p(j).
-5
Let m(n) = -n**2 + n. Let d(a) = -4*a**2 - 4*a + 4. Let z(i) = d(i) - 5*m(i). Determine z(6).
-14
Let r(s) = 3*s**2 + 0*s**2 - 2*s + 2 - 4. Suppose 2*t + 8*t - 2*t = 0. Suppose 3*a - u = u + 16, -3*a - 4*u - 14 = t. What is r(a)?
6
Let z(d) be the first derivative of 9*d**2/2 - 3*d - 128. Determine z(3).
24
Let g(l) = -50*l + 119. Let h(i) = 25*i - 53. Let f(x) = -4*g(x) - 9*h(x). What is f(1)?
-24
Let c = 36 + -13. Let x = -19 + c. Let f(v) = -x*v + 1 + v**2 + 0*v**2 - 7. Determine f(5).
-1
Suppose d - 2*d + 2*d = 0. Let w(l) = -4 - l + 2*l**2 + 3*l**2 - 6*l**2. What is w(d)?
-4
Let c = -1300 - -10401/8. Let b(f) be the third derivative of -1/30*f**5 + 0*f - f**2 + 1/3*f**3 + 0 - c*f**4. Calculate b(-3).
-7
Let v(q) = -32*q**2 + 19*q + 11. Let o(f) = 19*f**2 - 10*f - 6. Let g(t) = 5*o(t) + 3*v(t). Calculate g(8).
-5
Suppose 2*l - l - 10 = -2*o, -5*l - 25 = -5*o. Let f(s) = -8*s - 15. Let a(n) = -7*n - 13. Let z(t) = -7*a(t) + 6*f(t). Determine z(o).
6
Suppose 3*r = 2*r + 5. Let n = r + -4. Let w(q) = -3 + 1 + n - q. Determine w(-4).
3
Let x(b) = 4*b - 35. Let v = 1578 - 1570. Calculate x(v).
-3
Let n(j) be the third derivative of -j**4/24 - 2*j**3/3 - 297*j**2. Determine n(-3).
-1
Let w(l) = l**2 + 7*l - 4. Let n = -73 - -44. Let k = 23 + n. What is w(k)?
-10
Suppose -242*q - 20 = -244*q. Let p(y) = -y + 27. Calculate p(q).
17
Let q(o) = 4*o + o**3 - 17 - 17 - 6*o**2 + 33. Give q(4).
-17
Let c(q) be the first derivative of 2*q**3/3 + q + 310. Determine c(3).
19
Let c(a) be the third derivative of -a**6/120 + a**5/20 + 5*a**4/24 + 5*a**3/6 + 205*a**2. Let q be (-12)/(-8)*(-10)/(-3). Calculate c(q).
-20
Let z(m) = -m**3 - 2*m - 1. Let t be z(0). Let g(a) = 7*a**2. Calculate g(t).
7
Let s(y) = y**2 + 7*y + 6. Suppose -5*d = -4*d. Let c = 13 + -9. Suppose o + d*o = -c. What is s(o)?
-6
Let n = -6 + 13. Let p = -5 + n. Let u(m) = -5*m**3 + 2*m**2 + m + 2. Calculate u(p).
-28
Let y(k) = k + 7. Let v be y(-5). Suppose 2 + 1 = -3*f, 3*h = v*f + 38. Suppose -6*r + h = -2*r. Let a(c) = -c**2 + 6*c - 4. Give a(r).
5
Let m(a) be the third derivative of a**8/6720 - a**7/630 + a**6/720 + a**5/60 + 19*a**4/24 - 23*a**2. Let z(n) be the second derivative of m(n). Give z(3).
-4
Let b be (-1 - -4)*408/153. Let s(x) = -x**2 + 4*x - 3. What is s(b)?
-35
Suppose 6*r - 15 = 3*r. Let y be -14 + 22 - (1 + -1). Suppose x = r*x - y. Let h(t) = t - 2. Determine h(x).
0
Let g(n) = 7*n**3 + 2*n**2 + 3*n + 3. Let v(c) = -17*c**3 - 5*c**2 - 6*c - 7. Let t(y) = -7*g(y) - 3*v(y). What is t(-3)?
-36
Let a(v) = -2*v - 2*v + v + 4*v - 6. Determine a(10).
4
Let d = 47 - 43. Let r(l) = 12*l**2 - 4*l + d*l - 10 - 11*l**2. Give r(0).
-10
Let t(x) be the first derivative of -2*x**3/3 - x**2 + 3*x + 2. Let d(n) = n**2 + 11*n - 353. Let l be d(14). What is t(l)?
-9
Let k be ((-4)/(-10))/(2/(-10)). Let j(m) = -m**2 - 3*m - 1. Let w be j(k). Let s = -3 + w. Let q(g) = 2*g**2 + 2*g - 1. Determine q(s).
3
Let l(q) = 44*q + 1435.